{"id":41,"date":"2013-06-01T02:06:22","date_gmt":"2013-06-01T00:06:22","guid":{"rendered":"http:\/\/www.feuerwehr-aufhausen.info\/?page_id=41"},"modified":"2013-06-11T17:31:04","modified_gmt":"2013-06-11T15:31:04","slug":"impressum","status":"publish","type":"page","link":"https:\/\/www.feuerwehr-aufhausen.info\/?page_id=41","title":{"rendered":"Impressum"},"content":{"rendered":"<h1>Impressum<\/h1>\n<p>Angaben gem\u00e4\u00df \u00a7 5 TMG:<\/p>\n<p>Freiwillige Feuerwehr Aufhausen<br \/>\nMarkus Renner<br \/>\nG\u00e4rtnerstr. 1<br \/>\n94428 Aufhausen\n<\/p>\n<h2>Kontakt:<\/h2>\n<table>\n<tr>\n<td>\n<p>Telefon:<\/p>\n<\/td>\n<td>\n<p>0177 7790510<\/p>\n<\/td>\n<\/tr>\n<tr>\n<td>\n<p>Telefax:<\/p>\n<\/td>\n<td>\n<\/td>\n<\/tr>\n<tr>\n<td>\n<p>E-Mail:<\/p>\n<\/td>\n<td>\n<p>webmaster@feuerwehr-aufhausen.info<\/p>\n<\/td>\n<\/tr>\n<\/table>\n<p>Quelle: <i>Impressumgenerator von <a href=\"http:\/\/www.e-recht24.de\">www.e-recht24.de<\/a>.<\/i><\/p>\n<h2>Haftungsausschluss:<\/h2>\n<p><strong>Haftung f\u00fcr Inhalte<\/strong><\/p>\n<p>Die Inhalte unserer Seiten wurden mit gr\u00f6\u00dfter Sorgfalt erstellt. F\u00fcr die Richtigkeit, Vollst\u00e4ndigkeit und Aktualit\u00e4t der Inhalte k\u00f6nnen wir jedoch keine Gew\u00e4hr \u00fcbernehmen. Als Diensteanbieter sind wir gem\u00e4\u00df \u00a7 7 Abs.1 TMG f\u00fcr eigene Inhalte auf diesen Seiten nach den allgemeinen Gesetzen verantwortlich. Nach \u00a7\u00a7 8 bis 10 TMG sind wir als Diensteanbieter jedoch nicht verpflichtet, \u00fcbermittelte oder gespeicherte fremde Informationen zu \u00fcberwachen oder nach Umst\u00e4nden zu forschen, die auf eine rechtswidrige T\u00e4tigkeit hinweisen. Verpflichtungen zur Entfernung oder Sperrung der Nutzung von Informationen nach den allgemeinen Gesetzen bleiben hiervon unber\u00fchrt. Eine diesbez\u00fcgliche Haftung ist jedoch erst ab dem Zeitpunkt der Kenntnis einer konkreten Rechtsverletzung m\u00f6glich. Bei Bekanntwerden von entsprechenden Rechtsverletzungen werden wir diese Inhalte umgehend entfernen.<\/p>\n<p><strong>Haftung f\u00fcr Links<\/strong><\/p>\n<p>Unser Angebot enth\u00e4lt Links zu externen Webseiten Dritter, auf deren Inhalte wir keinen Einfluss haben. Deshalb k\u00f6nnen wir f\u00fcr diese fremden Inhalte auch keine Gew\u00e4hr \u00fcbernehmen. F\u00fcr die Inhalte der verlinkten Seiten ist stets der jeweilige Anbieter oder Betreiber der Seiten verantwortlich. Die verlinkten Seiten wurden zum Zeitpunkt der Verlinkung auf m\u00f6gliche Rechtsverst\u00f6\u00dfe \u00fcberpr\u00fcft. Rechtswidrige Inhalte waren zum Zeitpunkt der Verlinkung nicht erkennbar. Eine permanente inhaltliche Kontrolle der verlinkten Seiten ist jedoch ohne konkrete Anhaltspunkte einer Rechtsverletzung nicht zumutbar. Bei Bekanntwerden von Rechtsverletzungen werden wir derartige Links umgehend entfernen.<\/p>\n<p><strong>Urheberrecht<\/strong><\/p>\n<p>Die durch die Seitenbetreiber erstellten Inhalte und Werke auf diesen Seiten unterliegen dem deutschen Urheberrecht. Die Vervielf\u00e4ltigung, Bearbeitung, Verbreitung und jede Art der Verwertung au\u00dferhalb der Grenzen des Urheberrechtes bed\u00fcrfen der schriftlichen Zustimmung des jeweiligen Autors bzw. Erstellers. Downloads und Kopien dieser Seite sind nur f\u00fcr den privaten, nicht kommerziellen Gebrauch gestattet. Soweit die Inhalte auf dieser Seite nicht vom Betreiber erstellt wurden, werden die Urheberrechte Dritter beachtet. Insbesondere werden Inhalte Dritter als solche gekennzeichnet. Sollten Sie trotzdem auf eine Urheberrechtsverletzung aufmerksam werden, bitten wir um einen entsprechenden Hinweis. Bei Bekanntwerden von Rechtsverletzungen werden wir derartige Inhalte umgehend entfernen.<\/p>\n<p><strong>Datenschutz<\/strong><\/p>\n<p>Die Nutzung unserer Webseite ist in der Regel ohne Angabe personenbezogener Daten m\u00f6glich. Soweit auf unseren Seiten personenbezogene Daten (beispielsweise Name, Anschrift oder eMail-Adressen) erhoben werden, erfolgt dies, soweit m\u00f6glich, stets auf freiwilliger Basis. Diese Daten werden ohne Ihre ausdr\u00fcckliche Zustimmung nicht an Dritte weitergegeben. <\/p>\n<p>Wir weisen darauf hin, dass die Daten\u00fcbertragung im Internet (z.B. bei der Kommunikation per E-Mail) Sicherheitsl\u00fccken aufweisen kann. Ein l\u00fcckenloser Schutz der Daten vor dem Zugriff durch Dritte ist nicht m\u00f6glich. <\/p>\n<p>Der Nutzung von im Rahmen der Impressumspflicht ver\u00f6ffentlichten Kontaktdaten durch Dritte zur \u00dcbersendung von nicht ausdr\u00fccklich angeforderter Werbung und Informationsmaterialien wird hiermit ausdr\u00fccklich widersprochen. Die Betreiber der Seiten behalten sich ausdr\u00fccklich rechtliche Schritte im Falle der unverlangten Zusendung von Werbeinformationen, etwa durch Spam-Mails, vor.<\/p>\n<\/p>\n<p><strong>Datenschutzerkl\u00e4rung f\u00fcr die Nutzung von Facebook-Plugins (Like-Button)<\/strong><\/p>\n<p>Auf unseren Seiten sind Plugins des sozialen Netzwerks Facebook, 1601 South California Avenue, Palo Alto, CA 94304, USA integriert. Die Facebook-Plugins erkennen Sie an dem Facebook-Logo oder dem &#8222;Like-Button&#8220; (&#8222;Gef\u00e4llt mir&#8220;) auf unserer Seite. Eine \u00dcbersicht \u00fcber die Facebook-Plugins finden Sie hier: <a href=\"http:\/\/developers.facebook.com\/docs\/plugins\/\" target=\"_blank\">http:\/\/developers.facebook.com\/docs\/plugins\/<\/a>.<br \/> Wenn Sie unsere Seiten besuchen, wird \u00fcber das Plugin eine direkte Verbindung zwischen Ihrem Browser und dem Facebook-Server hergestellt. Facebook erh\u00e4lt dadurch die Information, dass Sie mit Ihrer IP-Adresse unsere Seite besucht haben. Wenn Sie den Facebook &#8222;Like-Button&#8220; anklicken w\u00e4hrend Sie in Ihrem Facebook-Account eingeloggt sind, k\u00f6nnen Sie die Inhalte unserer Seiten auf Ihrem Facebook-Profil verlinken. Dadurch kann Facebook den Besuch unserer Seiten Ihrem Benutzerkonto zuordnen. Wir weisen darauf hin, dass wir als Anbieter der Seiten keine Kenntnis vom Inhalt der \u00fcbermittelten Daten sowie deren Nutzung durch Facebook erhalten. Weitere Informationen hierzu finden Sie in der Datenschutzerkl\u00e4rung von facebook unter <a href=\"http:\/\/de-de.facebook.com\/policy.php\" target=\"_blank\"> http:\/\/de-de.facebook.com\/policy.php<\/a><\/p>\n<p>Wenn Sie nicht w\u00fcnschen, dass Facebook den Besuch unserer Seiten Ihrem Facebook-Nutzerkonto zuordnen kann, loggen Sie sich bitte aus Ihrem Facebook-Benutzerkonto aus.<\/p>\n<\/p>\n<p><i>Quellenangaben: <a href=\"http:\/\/www.e-recht24.de\/muster-disclaimer.htm\" target=\"_blank\">eRecht24 Disclaimer<\/a>, <a href=\"http:\/\/www.e-recht24.de\/artikel\/datenschutz\/6590-facebook-like-button-datenschutz-disclaimer.html\" target=\"_blank\">Facebook-Disclaimer von eRecht24<\/a><\/i><\/p>\n","protected":false},"excerpt":{"rendered":"<p>Impressum Angaben gem\u00e4\u00df \u00a7 5 TMG: Freiwillige Feuerwehr Aufhausen Markus Renner G\u00e4rtnerstr. 1 94428 Aufhausen Kontakt: Telefon: 0177 7790510 Telefax: E-Mail: webmaster@feuerwehr-aufhausen.info Quelle: Impressumgenerator von www.e-recht24.de. Haftungsausschluss: Haftung f\u00fcr Inhalte Die Inhalte unserer Seiten wurden mit gr\u00f6\u00dfter Sorgfalt erstellt. F\u00fcr &hellip; <a href=\"https:\/\/www.feuerwehr-aufhausen.info\/?page_id=41\">Weiterlesen <span class=\"meta-nav\">&rarr;<\/span><\/a><\/p>\n","protected":false},"author":1,"featured_media":0,"parent":0,"menu_order":0,"comment_status":"closed","ping_status":"closed","template":"","meta":{"ngg_post_thumbnail":0,"jetpack_post_was_ever_published":false,"footnotes":""},"class_list":["post-41","page","type-page","status-publish","hentry"],"jetpack_sharing_enabled":true,"jetpack_shortlink":"https:\/\/wp.me\/ParS1k-F","jetpack-related-posts":[{"id":3508,"url":"https:\/\/www.feuerwehr-aufhausen.info\/?page_id=3508","url_meta":{"origin":41,"position":0},"title":"Jugendgruppe","author":"Markus Renner","date":"10. Mai 2024","format":false,"excerpt":"In unserer Feuerwehr gibt es nat\u00fcrlich auch eine Jugendgruppe. Diese ist f\u00fcr Jugendliche von 12-17 Jahren. Ab 12 Jahren geht es einmal pro Jahr zum Wissenstest. Hier gibt es das erste Abzeichen f\u00fcr deine Uniform. Ab 14 Jahren kann man bei der Jugendleistungspr\u00fcfung mitmachen. Dies wird in unserem Landkreis bei\u2026","rel":"","context":"\u00c4hnlicher Beitrag","block_context":{"text":"\u00c4hnlicher Beitrag","link":""},"img":{"alt_text":"","src":"","width":0,"height":0},"classes":[]},{"id":3511,"url":"https:\/\/www.feuerwehr-aufhausen.info\/?page_id=3511","url_meta":{"origin":41,"position":1},"title":"Kinderfeuerwehr","author":"Markus Renner","date":"10. Mai 2024","format":false,"excerpt":"Im Jahr 2015 wurde in Aufhausen die Kinderfeuerwehr gegr\u00fcndet. Damit sind unsere \"Fire-Kids\" die \u00e4lteste Kinderfeuerwehr in unserem Landkreis. Bei unseren Treffen geht es vor allem um Spiel uns Spa\u00df. Es werden aber auch schon wichtige Themen f\u00fcr das sp\u00e4tere Feuerwehrleben behandelt. Einmal im Jahr besuchen wir eine andere Feuerwehr\u2026","rel":"","context":"\u00c4hnlicher Beitrag","block_context":{"text":"\u00c4hnlicher Beitrag","link":""},"img":{"alt_text":"","src":"","width":0,"height":0},"classes":[]},{"id":2927,"url":"https:\/\/www.feuerwehr-aufhausen.info\/?page_id=2927","url_meta":{"origin":41,"position":2},"title":"Datenschutzerkl\u00e4rung","author":"Markus Renner","date":"20. Dezember 2018","format":false,"excerpt":"Datenschutzbestimmungen: Mitglieder der Feuerwehr Aufhausen willigen ein, dass die Feuerwehr Aufhausen als verantwortliche Stelle, die in der Beitrittserkl\u00e4rung erhobenen personenbezogenen Daten wie Name, Vorname, Geburtsdatum, Adresse, E-Mail-Adresse, Telefonnummer, Funktion im Verein und Bankverbindung ausschlie\u00dflich zum Zwecke der Mitgliederverwaltung, des Beitragseinzuges und der \u00dcbermittlung von Vereinsinformationen durch den Verein und f\u00fcr\u2026","rel":"","context":"\u00c4hnlicher Beitrag","block_context":{"text":"\u00c4hnlicher Beitrag","link":""},"img":{"alt_text":"","src":"","width":0,"height":0},"classes":[]},{"id":7,"url":"https:\/\/www.feuerwehr-aufhausen.info\/?page_id=7","url_meta":{"origin":41,"position":3},"title":"Chronik","author":"Markus Renner","date":"1. Juni 2013","format":false,"excerpt":"Im Jahr 1857 w\u00fctete ein Dorfbrand in Aufhausen, bei dem 10 Anwesen in der Schreinerstra\u00dfe niederbrannten. Auch der Pfarrhof wurde ein Opfer der Flammen. Erst der Nachfolger des damaligen Pfarrers, H. H. Pfarrer Schikaneder, ein Sohn des H\u00fcterhofes in Pa\u00dfhausen, baute den abgebrannten Pfarrhof in der jetzigen stattlichen Form wieder\u2026","rel":"","context":"\u00c4hnlicher Beitrag","block_context":{"text":"\u00c4hnlicher Beitrag","link":""},"img":{"alt_text":"Fahnenweihe_1962","src":"https:\/\/i0.wp.com\/www.feuerwehr-aufhausen.info\/wp-content\/uploads\/2013\/06\/Fahnenweihe_1962-300x203.jpg?resize=350%2C200","width":350,"height":200},"classes":[]},{"id":3355,"url":"https:\/\/www.feuerwehr-aufhausen.info\/?page_id=3355","url_meta":{"origin":41,"position":4},"title":"Mitglied werden","author":"Markus Renner","date":"28. Juni 2023","format":false,"excerpt":"Unterst\u00fctzen sie unsere Feuerwehr und werden sie Mitglied. Auch Quereinsteiger sind jederzeit bei uns willkommen. Kommen sie einfach bei der n\u00e4chsten \u00dcbung vorbei. Auch f\u00f6rdernde\/passive Mitglieder nehmen wir gerne in unserer Feuerwehr auf. Hier gibt's die Beitrittserkl\u00e4rung.","rel":"","context":"\u00c4hnlicher Beitrag","block_context":{"text":"\u00c4hnlicher Beitrag","link":""},"img":{"alt_text":"","src":"","width":0,"height":0},"classes":[]}],"_links":{"self":[{"href":"https:\/\/www.feuerwehr-aufhausen.info\/index.php?rest_route=\/wp\/v2\/pages\/41","targetHints":{"allow":["GET"]}}],"collection":[{"href":"https:\/\/www.feuerwehr-aufhausen.info\/index.php?rest_route=\/wp\/v2\/pages"}],"about":[{"href":"https:\/\/www.feuerwehr-aufhausen.info\/index.php?rest_route=\/wp\/v2\/types\/page"}],"author":[{"embeddable":true,"href":"https:\/\/www.feuerwehr-aufhausen.info\/index.php?rest_route=\/wp\/v2\/users\/1"}],"replies":[{"embeddable":true,"href":"https:\/\/www.feuerwehr-aufhausen.info\/index.php?rest_route=%2Fwp%2Fv2%2Fcomments&post=41"}],"version-history":[{"count":3,"href":"https:\/\/www.feuerwehr-aufhausen.info\/index.php?rest_route=\/wp\/v2\/pages\/41\/revisions"}],"predecessor-version":[{"id":132,"href":"https:\/\/www.feuerwehr-aufhausen.info\/index.php?rest_route=\/wp\/v2\/pages\/41\/revisions\/132"}],"wp:attachment":[{"href":"https:\/\/www.feuerwehr-aufhausen.info\/index.php?rest_route=%2Fwp%2Fv2%2Fmedia&parent=41"}],"curies":[{"name":"wp","href":"https:\/\/api.w.org\/{rel}","templated":true}]}}