{"id":3511,"date":"2024-05-10T08:17:41","date_gmt":"2024-05-10T06:17:41","guid":{"rendered":"https:\/\/www.feuerwehr-aufhausen.info\/?page_id=3511"},"modified":"2024-05-10T08:52:44","modified_gmt":"2024-05-10T06:52:44","slug":"kinderfeuerwehr","status":"publish","type":"page","link":"https:\/\/www.feuerwehr-aufhausen.info\/?page_id=3511","title":{"rendered":"Kinderfeuerwehr"},"content":{"rendered":"\n<p>Im Jahr 2015 wurde in Aufhausen die Kinderfeuerwehr gegr\u00fcndet. Damit sind unsere &#8222;Fire-Kids&#8220; die \u00e4lteste Kinderfeuerwehr in unserem Landkreis. <\/p>\n\n\n\n<p>Bei unseren Treffen geht es vor allem um Spiel uns Spa\u00df. Es werden aber auch schon wichtige Themen f\u00fcr das sp\u00e4tere Feuerwehrleben behandelt. <br>Einmal im Jahr besuchen wir eine andere Feuerwehr oder Hilfsorganisation und es wird auch ein Ausflug gemacht.<br>Einmal im Jahr gibt es einen kleinen Wissenstest, daf\u00fcr erhalten die Kinder dann das Abzeichen <a href=\"https:\/\/www.feuerwehr-aufhausen.info\/?p=3390\">&#8222;Kinderflamme&#8220;<\/a> und eine Urkunde.<\/p>\n\n\n\n<p>Die Termine f\u00fcr 2024 sind:<br>Treffpunkt am Feuerwehrger\u00e4tehaus Aufhausen jeweils&nbsp;&nbsp;&nbsp;&nbsp;&nbsp;&nbsp;&nbsp;&nbsp;&nbsp;&nbsp;&nbsp;&nbsp;&nbsp;&nbsp;&nbsp;&nbsp;&nbsp;&nbsp;&nbsp;&nbsp;&nbsp;&nbsp; <br>von 17:00 &#8211; 18:30 Uhr <br>Di. 26.03.2024 <br>Di. 23.04.2024 <br>Di. 07.05.2024 <br>Di. 21.05.2024 <br>Di. 04.06.2024 <br>Di. 18.06.2024 <br>Di. 02.07.2024 <br>Di. 16.07.2024 <br>Di. 30.07.2024 <br>Di. 03.09.2024 <br>Di. 17.09.2024 <br>Di. 01.10.2024 <br>Sa. 12.10.2024 14:30 Uhr Kinderleistungspr\u00fcfung &#8222;Kinderflamme&#8220; <br>Di. 15.10.2024<\/p>\n\n\n\n<p><\/p>\n","protected":false},"excerpt":{"rendered":"<p>Im Jahr 2015 wurde in Aufhausen die Kinderfeuerwehr gegr\u00fcndet. Damit sind unsere &#8222;Fire-Kids&#8220; die \u00e4lteste Kinderfeuerwehr in unserem Landkreis. Bei unseren Treffen geht es vor allem um Spiel uns Spa\u00df. Es werden aber auch schon wichtige Themen f\u00fcr das sp\u00e4tere &hellip; <a href=\"https:\/\/www.feuerwehr-aufhausen.info\/?page_id=3511\">Weiterlesen <span class=\"meta-nav\">&rarr;<\/span><\/a><\/p>\n","protected":false},"author":1,"featured_media":0,"parent":0,"menu_order":0,"comment_status":"closed","ping_status":"closed","template":"","meta":{"ngg_post_thumbnail":0,"jetpack_post_was_ever_published":false,"footnotes":""},"class_list":["post-3511","page","type-page","status-publish","hentry"],"jetpack_sharing_enabled":true,"jetpack_shortlink":"https:\/\/wp.me\/ParS1k-UD","jetpack-related-posts":[{"id":3508,"url":"https:\/\/www.feuerwehr-aufhausen.info\/?page_id=3508","url_meta":{"origin":3511,"position":0},"title":"Jugendgruppe","author":"Markus Renner","date":"10. Mai 2024","format":false,"excerpt":"In unserer Feuerwehr gibt es nat\u00fcrlich auch eine Jugendgruppe. Diese ist f\u00fcr Jugendliche von 12-17 Jahren. Ab 12 Jahren geht es einmal pro Jahr zum Wissenstest. Hier gibt es das erste Abzeichen f\u00fcr deine Uniform. Ab 14 Jahren kann man bei der Jugendleistungspr\u00fcfung mitmachen. Dies wird in unserem Landkreis bei\u2026","rel":"","context":"\u00c4hnlicher Beitrag","block_context":{"text":"\u00c4hnlicher Beitrag","link":""},"img":{"alt_text":"","src":"","width":0,"height":0},"classes":[]},{"id":2927,"url":"https:\/\/www.feuerwehr-aufhausen.info\/?page_id=2927","url_meta":{"origin":3511,"position":1},"title":"Datenschutzerkl\u00e4rung","author":"Markus Renner","date":"20. Dezember 2018","format":false,"excerpt":"Datenschutzbestimmungen: Mitglieder der Feuerwehr Aufhausen willigen ein, dass die Feuerwehr Aufhausen als verantwortliche Stelle, die in der Beitrittserkl\u00e4rung erhobenen personenbezogenen Daten wie Name, Vorname, Geburtsdatum, Adresse, E-Mail-Adresse, Telefonnummer, Funktion im Verein und Bankverbindung ausschlie\u00dflich zum Zwecke der Mitgliederverwaltung, des Beitragseinzuges und der \u00dcbermittlung von Vereinsinformationen durch den Verein und f\u00fcr\u2026","rel":"","context":"\u00c4hnlicher Beitrag","block_context":{"text":"\u00c4hnlicher Beitrag","link":""},"img":{"alt_text":"","src":"","width":0,"height":0},"classes":[]},{"id":7,"url":"https:\/\/www.feuerwehr-aufhausen.info\/?page_id=7","url_meta":{"origin":3511,"position":2},"title":"Chronik","author":"Markus Renner","date":"1. Juni 2013","format":false,"excerpt":"Im Jahr 1857 w\u00fctete ein Dorfbrand in Aufhausen, bei dem 10 Anwesen in der Schreinerstra\u00dfe niederbrannten. Auch der Pfarrhof wurde ein Opfer der Flammen. Erst der Nachfolger des damaligen Pfarrers, H. H. Pfarrer Schikaneder, ein Sohn des H\u00fcterhofes in Pa\u00dfhausen, baute den abgebrannten Pfarrhof in der jetzigen stattlichen Form wieder\u2026","rel":"","context":"\u00c4hnlicher Beitrag","block_context":{"text":"\u00c4hnlicher Beitrag","link":""},"img":{"alt_text":"Fahnenweihe_1962","src":"https:\/\/i0.wp.com\/www.feuerwehr-aufhausen.info\/wp-content\/uploads\/2013\/06\/Fahnenweihe_1962-300x203.jpg?resize=350%2C200","width":350,"height":200},"classes":[]},{"id":41,"url":"https:\/\/www.feuerwehr-aufhausen.info\/?page_id=41","url_meta":{"origin":3511,"position":3},"title":"Impressum","author":"Markus Renner","date":"1. Juni 2013","format":false,"excerpt":"ImpressumAngaben gem\u00e4\u00df \u00a7 5 TMG: Freiwillige Feuerwehr Aufhausen Markus Renner G\u00e4rtnerstr. 1 94428 Aufhausen Kontakt: Telefon: 0177 7790510 Telefax: E-Mail: webmaster@feuerwehr-aufhausen.info Quelle: Impressumgenerator von www.e-recht24.de. Haftungsausschluss: Haftung f\u00fcr Inhalte Die Inhalte unserer Seiten wurden mit gr\u00f6\u00dfter Sorgfalt erstellt. F\u00fcr die Richtigkeit, Vollst\u00e4ndigkeit und Aktualit\u00e4t der Inhalte k\u00f6nnen wir jedoch keine\u2026","rel":"","context":"\u00c4hnlicher Beitrag","block_context":{"text":"\u00c4hnlicher Beitrag","link":""},"img":{"alt_text":"","src":"","width":0,"height":0},"classes":[]},{"id":3355,"url":"https:\/\/www.feuerwehr-aufhausen.info\/?page_id=3355","url_meta":{"origin":3511,"position":4},"title":"Mitglied werden","author":"Markus Renner","date":"28. Juni 2023","format":false,"excerpt":"Unterst\u00fctzen sie unsere Feuerwehr und werden sie Mitglied. Auch Quereinsteiger sind jederzeit bei uns willkommen. Kommen sie einfach bei der n\u00e4chsten \u00dcbung vorbei. Auch f\u00f6rdernde\/passive Mitglieder nehmen wir gerne in unserer Feuerwehr auf. Hier gibt's die Beitrittserkl\u00e4rung.","rel":"","context":"\u00c4hnlicher Beitrag","block_context":{"text":"\u00c4hnlicher Beitrag","link":""},"img":{"alt_text":"","src":"","width":0,"height":0},"classes":[]}],"_links":{"self":[{"href":"https:\/\/www.feuerwehr-aufhausen.info\/index.php?rest_route=\/wp\/v2\/pages\/3511","targetHints":{"allow":["GET"]}}],"collection":[{"href":"https:\/\/www.feuerwehr-aufhausen.info\/index.php?rest_route=\/wp\/v2\/pages"}],"about":[{"href":"https:\/\/www.feuerwehr-aufhausen.info\/index.php?rest_route=\/wp\/v2\/types\/page"}],"author":[{"embeddable":true,"href":"https:\/\/www.feuerwehr-aufhausen.info\/index.php?rest_route=\/wp\/v2\/users\/1"}],"replies":[{"embeddable":true,"href":"https:\/\/www.feuerwehr-aufhausen.info\/index.php?rest_route=%2Fwp%2Fv2%2Fcomments&post=3511"}],"version-history":[{"count":6,"href":"https:\/\/www.feuerwehr-aufhausen.info\/index.php?rest_route=\/wp\/v2\/pages\/3511\/revisions"}],"predecessor-version":[{"id":3520,"href":"https:\/\/www.feuerwehr-aufhausen.info\/index.php?rest_route=\/wp\/v2\/pages\/3511\/revisions\/3520"}],"wp:attachment":[{"href":"https:\/\/www.feuerwehr-aufhausen.info\/index.php?rest_route=%2Fwp%2Fv2%2Fmedia&parent=3511"}],"curies":[{"name":"wp","href":"https:\/\/api.w.org\/{rel}","templated":true}]}}