{"id":2927,"date":"2018-12-20T18:24:52","date_gmt":"2018-12-20T16:24:52","guid":{"rendered":"http:\/\/www.feuerwehr-aufhausen.info\/?page_id=2927"},"modified":"2018-12-20T18:24:52","modified_gmt":"2018-12-20T16:24:52","slug":"datenschutzerklaerung","status":"publish","type":"page","link":"https:\/\/www.feuerwehr-aufhausen.info\/?page_id=2927","title":{"rendered":"Datenschutzerkl\u00e4rung"},"content":{"rendered":"<p><strong>Datenschutzbestimmungen: <\/strong><\/p>\n<p>Mitglieder der Feuerwehr Aufhausen willigen ein, dass die Feuerwehr Aufhausen als verantwortliche Stelle, die in der Beitrittserkl\u00e4rung erhobenen personenbezogenen Daten wie Name, Vorname, Geburtsdatum, Adresse, E-Mail-Adresse, Telefonnummer, Funktion im Verein und Bankverbindung ausschlie\u00dflich zum Zwecke der Mitgliederverwaltung, des Beitragseinzuges und der \u00dcbermittlung von Vereinsinformationen durch den Verein und f\u00fcr alle in der Satzung genannten Zwecke verarbeitet und genutzt werden. Eine \u00dcbermittlung von Daten an \u00fcbergeordnete Institutionen findet nur im Rahmen der in der Satzung festgelegte Zwecke statt. Diese Daten\u00fcbermittlungen sind notwendig zum Zwecke des Vereins. Eine Daten\u00fcbermittlung an Dritte au\u00dferhalb der Feuerwehr Aufhausen findet nicht statt. Eine Datennutzung f\u00fcr Werbezwecke findet ebenfalls nicht statt. Bei Beendigung der Mitgliedschaft werden die personenbezogenen Daten gel\u00f6scht, soweit sie nicht entsprechend der gesetzlichen Vorgaben aufbewahrt werden m\u00fcssen. Jedes Mitglied hat im Rahmen der Vorgaben der Datenschutzgrundverordnung (DSGVO) und des Bundesdatenschutzgesetzes n.F. (DSAnpUG EU) das Recht auf Auskunft \u00fcber die personenbezogenen Daten, die zu seiner Person bei der verantwortlichen Stelle gespeichert sind. Au\u00dferdem hat das Mitglied, im Falle von fehlerhaften Daten, ein Korrekturrecht.<\/p>\n<p>Beschwerdestelle ist das Bayerische Landesamt f\u00fcr Datenschutzaufsicht (BayLDA) Promenade 27 91522 Ansbach<\/p>\n<p>&nbsp;<\/p>\n<p><strong>Hinweis an die Mitglieder und G\u00e4ste von \u00dcbungen, Eins\u00e4tzen und sonstigen Veranstaltungen (im Nachfolgenden \u201eVeranstaltung\u201c genannt) der Feuerwehr Aufhausen<\/strong><\/p>\n<p>Bitte beachten Sie: w\u00e4hrend der Veranstaltung werden von der Feuerwehr-Aufhausen Foto- und Filmaufnahmen zu Zwecken der \u00d6ffentlichkeitsarbeit gemacht<\/p>\n<p>Mit der Teilnahme an den Veranstaltungen wird der Feuerwehr Aufhausen die Erlaubnis erteilt, Foto- und Filmaufnahmen zu machen und diese Aufnahmen im Zusammenhang mit der Veranstaltung f\u00fcr die \u00d6ffentlichkeitsarbeit und die Dokumentation, analog und digital, zu verwenden.<\/p>\n<p><strong>Mit der auch sp\u00e4teren Verwendung der Foto- und Filmaufnahmen erkl\u00e4rt sich der\/die Teilnehmer(in) durch den Besuch der Veranstaltung einverstanden.<\/strong><\/p>\n<p>Freiwillige Feuerwehr Aufhausen<\/p>\n","protected":false},"excerpt":{"rendered":"<p>Datenschutzbestimmungen: Mitglieder der Feuerwehr Aufhausen willigen ein, dass die Feuerwehr Aufhausen als verantwortliche Stelle, die in der Beitrittserkl\u00e4rung erhobenen personenbezogenen Daten wie Name, Vorname, Geburtsdatum, Adresse, E-Mail-Adresse, Telefonnummer, Funktion im Verein und Bankverbindung ausschlie\u00dflich zum Zwecke der Mitgliederverwaltung, des Beitragseinzuges &hellip; <a href=\"https:\/\/www.feuerwehr-aufhausen.info\/?page_id=2927\">Weiterlesen <span class=\"meta-nav\">&rarr;<\/span><\/a><\/p>\n","protected":false},"author":1,"featured_media":0,"parent":0,"menu_order":0,"comment_status":"closed","ping_status":"closed","template":"","meta":{"ngg_post_thumbnail":0,"jetpack_post_was_ever_published":false,"footnotes":""},"class_list":["post-2927","page","type-page","status-publish","hentry"],"jetpack_sharing_enabled":true,"jetpack_shortlink":"https:\/\/wp.me\/ParS1k-Ld","jetpack-related-posts":[{"id":41,"url":"https:\/\/www.feuerwehr-aufhausen.info\/?page_id=41","url_meta":{"origin":2927,"position":0},"title":"Impressum","author":"Markus Renner","date":"1. Juni 2013","format":false,"excerpt":"ImpressumAngaben gem\u00e4\u00df \u00a7 5 TMG: Freiwillige Feuerwehr Aufhausen Markus Renner G\u00e4rtnerstr. 1 94428 Aufhausen Kontakt: Telefon: 0177 7790510 Telefax: E-Mail: webmaster@feuerwehr-aufhausen.info Quelle: Impressumgenerator von www.e-recht24.de. Haftungsausschluss: Haftung f\u00fcr Inhalte Die Inhalte unserer Seiten wurden mit gr\u00f6\u00dfter Sorgfalt erstellt. F\u00fcr die Richtigkeit, Vollst\u00e4ndigkeit und Aktualit\u00e4t der Inhalte k\u00f6nnen wir jedoch keine\u2026","rel":"","context":"\u00c4hnlicher Beitrag","block_context":{"text":"\u00c4hnlicher Beitrag","link":""},"img":{"alt_text":"","src":"","width":0,"height":0},"classes":[]},{"id":7,"url":"https:\/\/www.feuerwehr-aufhausen.info\/?page_id=7","url_meta":{"origin":2927,"position":1},"title":"Chronik","author":"Markus Renner","date":"1. Juni 2013","format":false,"excerpt":"Im Jahr 1857 w\u00fctete ein Dorfbrand in Aufhausen, bei dem 10 Anwesen in der Schreinerstra\u00dfe niederbrannten. Auch der Pfarrhof wurde ein Opfer der Flammen. Erst der Nachfolger des damaligen Pfarrers, H. H. Pfarrer Schikaneder, ein Sohn des H\u00fcterhofes in Pa\u00dfhausen, baute den abgebrannten Pfarrhof in der jetzigen stattlichen Form wieder\u2026","rel":"","context":"\u00c4hnlicher Beitrag","block_context":{"text":"\u00c4hnlicher Beitrag","link":""},"img":{"alt_text":"Fahnenweihe_1962","src":"https:\/\/i0.wp.com\/www.feuerwehr-aufhausen.info\/wp-content\/uploads\/2013\/06\/Fahnenweihe_1962-300x203.jpg?resize=350%2C200","width":350,"height":200},"classes":[]},{"id":3508,"url":"https:\/\/www.feuerwehr-aufhausen.info\/?page_id=3508","url_meta":{"origin":2927,"position":2},"title":"Jugendgruppe","author":"Markus Renner","date":"10. Mai 2024","format":false,"excerpt":"In unserer Feuerwehr gibt es nat\u00fcrlich auch eine Jugendgruppe. Diese ist f\u00fcr Jugendliche von 12-17 Jahren. Ab 12 Jahren geht es einmal pro Jahr zum Wissenstest. Hier gibt es das erste Abzeichen f\u00fcr deine Uniform. Ab 14 Jahren kann man bei der Jugendleistungspr\u00fcfung mitmachen. Dies wird in unserem Landkreis bei\u2026","rel":"","context":"\u00c4hnlicher Beitrag","block_context":{"text":"\u00c4hnlicher Beitrag","link":""},"img":{"alt_text":"","src":"","width":0,"height":0},"classes":[]},{"id":3511,"url":"https:\/\/www.feuerwehr-aufhausen.info\/?page_id=3511","url_meta":{"origin":2927,"position":3},"title":"Kinderfeuerwehr","author":"Markus Renner","date":"10. Mai 2024","format":false,"excerpt":"Im Jahr 2015 wurde in Aufhausen die Kinderfeuerwehr gegr\u00fcndet. Damit sind unsere \"Fire-Kids\" die \u00e4lteste Kinderfeuerwehr in unserem Landkreis. Bei unseren Treffen geht es vor allem um Spiel uns Spa\u00df. Es werden aber auch schon wichtige Themen f\u00fcr das sp\u00e4tere Feuerwehrleben behandelt. Einmal im Jahr besuchen wir eine andere Feuerwehr\u2026","rel":"","context":"\u00c4hnlicher Beitrag","block_context":{"text":"\u00c4hnlicher Beitrag","link":""},"img":{"alt_text":"","src":"","width":0,"height":0},"classes":[]},{"id":3355,"url":"https:\/\/www.feuerwehr-aufhausen.info\/?page_id=3355","url_meta":{"origin":2927,"position":4},"title":"Mitglied werden","author":"Markus Renner","date":"28. Juni 2023","format":false,"excerpt":"Unterst\u00fctzen sie unsere Feuerwehr und werden sie Mitglied. Auch Quereinsteiger sind jederzeit bei uns willkommen. Kommen sie einfach bei der n\u00e4chsten \u00dcbung vorbei. Auch f\u00f6rdernde\/passive Mitglieder nehmen wir gerne in unserer Feuerwehr auf. Hier gibt's die Beitrittserkl\u00e4rung.","rel":"","context":"\u00c4hnlicher Beitrag","block_context":{"text":"\u00c4hnlicher Beitrag","link":""},"img":{"alt_text":"","src":"","width":0,"height":0},"classes":[]}],"_links":{"self":[{"href":"https:\/\/www.feuerwehr-aufhausen.info\/index.php?rest_route=\/wp\/v2\/pages\/2927","targetHints":{"allow":["GET"]}}],"collection":[{"href":"https:\/\/www.feuerwehr-aufhausen.info\/index.php?rest_route=\/wp\/v2\/pages"}],"about":[{"href":"https:\/\/www.feuerwehr-aufhausen.info\/index.php?rest_route=\/wp\/v2\/types\/page"}],"author":[{"embeddable":true,"href":"https:\/\/www.feuerwehr-aufhausen.info\/index.php?rest_route=\/wp\/v2\/users\/1"}],"replies":[{"embeddable":true,"href":"https:\/\/www.feuerwehr-aufhausen.info\/index.php?rest_route=%2Fwp%2Fv2%2Fcomments&post=2927"}],"version-history":[{"count":1,"href":"https:\/\/www.feuerwehr-aufhausen.info\/index.php?rest_route=\/wp\/v2\/pages\/2927\/revisions"}],"predecessor-version":[{"id":2929,"href":"https:\/\/www.feuerwehr-aufhausen.info\/index.php?rest_route=\/wp\/v2\/pages\/2927\/revisions\/2929"}],"wp:attachment":[{"href":"https:\/\/www.feuerwehr-aufhausen.info\/index.php?rest_route=%2Fwp%2Fv2%2Fmedia&parent=2927"}],"curies":[{"name":"wp","href":"https:\/\/api.w.org\/{rel}","templated":true}]}}